{"id":232,"date":"2024-09-06T15:34:33","date_gmt":"2024-09-06T13:34:33","guid":{"rendered":"http:\/\/paroisses-ndl-spx.fr\/?page_id=232"},"modified":"2025-10-02T17:06:40","modified_gmt":"2025-10-02T15:06:40","slug":"evangelisation-de-rue-paroissiale-paroisses-vannes-notre-dame-de-lourdes-saint-pie-x-ndl-spx","status":"publish","type":"page","link":"https:\/\/paroisses-ndl-spx.fr\/?page_id=232","title":{"rendered":"\u00c9vang\u00e9lisation de rue"},"content":{"rendered":"\n<blockquote class=\"wp-block-quote is-layout-flow wp-block-quote-is-layout-flow\">\n<p>\u00ab Allez dans le monde entier. Proclamez l\u2019\u00c9vangile \u00e0 toute la cr\u00e9ation.&nbsp;Celui qui croira et sera baptis\u00e9 sera sauv\u00e9.&nbsp;\u00bb Mc 16, 15<\/p>\n<\/blockquote>\n\n\n\n<div style=\"height:40px\" aria-hidden=\"true\" class=\"wp-block-spacer\"><\/div>\n\n\n\n<p>Nous sommes heureux d\u2019aller \u00e0 la rencontre des passants et habitants de nos quartiers pour leur annoncer l\u2019Amour de Dieu, et leur proposer les diff\u00e9rents rendez-vous paroissiaux.<\/p>\n\n\n\n<h2 class=\"wp-block-heading has-secondary-color has-text-color has-link-color wp-elements-6f8f1c8d53e7e2056f549efc51447ee2\">Quand ?<\/h2>\n\n\n\n<ul class=\"wp-block-list\">\n<li>Un samedi par mois : <strong>\u00e0 9 h 30<\/strong> rendez-vous \u00e0 la fin de la messe \u00e0 Notre-Dame de Lourdes les 08\/11, 17\/01, 07\/02, 14\/03, 11\/04, 30\/05 et 20\/06.<\/li>\n\n\n\n<li>Chaque ann\u00e9e, une semaine de mission paroissiale est organis\u00e9e autour du 8 d\u00e9cembre : cette ann\u00e9e, elle a lieu du 2 au 8 d\u00e9cembre. Un temps d\u2019\u00e9vang\u00e9lisation aura lieu le mercredi 3 d\u00e9cembre <strong>\u00e0 14 h 30<\/strong> au d\u00e9part de Saint-Pie X et deux temps le samedi 6 d\u00e9cembre<strong> \u00e0 10 h 00 et 14 h 30<\/strong> au d\u00e9part de Notre-Dame de Lourdes.<\/li>\n<\/ul>\n\n\n\n<p>Il est possible de rejoindre l\u2019\u00e9quipe ponctuellement ou de s\u2019engager dans le temps. Pour cela n\u2019h\u00e9sitez pas \u00e0 venir aux dates indiqu\u00e9es ou \u00e0 prendre contact pour de plus amples renseignements avec Franck Charoy : <a href=\"mailto:f.charoy@hotmail.fr\">f.charoy@hotmail.fr<\/a><\/p>\n","protected":false},"excerpt":{"rendered":"<p>\u00ab Allez dans le monde entier. Proclamez l\u2019\u00c9vangile \u00e0 toute la cr\u00e9ation.&nbsp;Celui qui croira et sera baptis\u00e9 sera sauv\u00e9.&nbsp;\u00bb Mc 16, 15 Nous sommes heureux d\u2019aller \u00e0 la rencontre des passants et habitants de nos quartiers pour leur annoncer l\u2019Amour de Dieu, et leur proposer les diff\u00e9rents rendez-vous paroissiaux. Quand ? Il est possible de<a class=\"more-link\" href=\"https:\/\/paroisses-ndl-spx.fr\/?page_id=232\">Lire la suite <span class=\"screen-reader-text\">\u00ab\u00a0\u00c9vang\u00e9lisation de rue\u00a0\u00bb<\/span><\/a><\/p>\n","protected":false},"author":1,"featured_media":0,"parent":0,"menu_order":0,"comment_status":"closed","ping_status":"closed","template":"","meta":{"iawp_total_views":154,"footnotes":""},"class_list":["post-232","page","type-page","status-publish","hentry","entry"],"_links":{"self":[{"href":"https:\/\/paroisses-ndl-spx.fr\/index.php?rest_route=\/wp\/v2\/pages\/232","targetHints":{"allow":["GET"]}}],"collection":[{"href":"https:\/\/paroisses-ndl-spx.fr\/index.php?rest_route=\/wp\/v2\/pages"}],"about":[{"href":"https:\/\/paroisses-ndl-spx.fr\/index.php?rest_route=\/wp\/v2\/types\/page"}],"author":[{"embeddable":true,"href":"https:\/\/paroisses-ndl-spx.fr\/index.php?rest_route=\/wp\/v2\/users\/1"}],"replies":[{"embeddable":true,"href":"https:\/\/paroisses-ndl-spx.fr\/index.php?rest_route=%2Fwp%2Fv2%2Fcomments&post=232"}],"version-history":[{"count":11,"href":"https:\/\/paroisses-ndl-spx.fr\/index.php?rest_route=\/wp\/v2\/pages\/232\/revisions"}],"predecessor-version":[{"id":1530,"href":"https:\/\/paroisses-ndl-spx.fr\/index.php?rest_route=\/wp\/v2\/pages\/232\/revisions\/1530"}],"wp:attachment":[{"href":"https:\/\/paroisses-ndl-spx.fr\/index.php?rest_route=%2Fwp%2Fv2%2Fmedia&parent=232"}],"curies":[{"name":"wp","href":"https:\/\/api.w.org\/{rel}","templated":true}]}}