{"id":273,"date":"2024-09-06T16:08:49","date_gmt":"2024-09-06T14:08:49","guid":{"rendered":"http:\/\/paroisses-ndl-spx.fr\/?page_id=273"},"modified":"2024-12-17T17:26:01","modified_gmt":"2024-12-17T16:26:01","slug":"servantes-assemblee-paroissiale-paroisses-vannes-notre-dame-de-lourdes-saint-pie-x-ndl-spx","status":"publish","type":"page","link":"https:\/\/paroisses-ndl-spx.fr\/?page_id=273","title":{"rendered":"Servantes d\u2019assembl\u00e9e"},"content":{"rendered":"\n<div style=\"height:39px\" aria-hidden=\"true\" class=\"wp-block-spacer\"><\/div>\n\n\n\n<p>\u00catre\u00a0servante d&rsquo;assembl\u00e9e, c&rsquo;est prendre part activement \u00e0 la liturgie de l&rsquo;\u00c9glise et au service de l&rsquo;assembl\u00e9e, avant et pendant les offices.<\/p>\n\n\n\n<p>Pour les filles \u00e0 partir de 7 ans.<\/p>\n\n\n<div class=\"wp-block-image\">\n<figure class=\"aligncenter size-full\"><img loading=\"lazy\" decoding=\"async\" width=\"800\" height=\"939\" src=\"http:\/\/paroisses-ndl-spx.fr\/wp-content\/uploads\/2024\/12\/eglise-saint-pie-x-paroisses-vannes-notre-dame-de-lourdes-ndl-spx-servantes-assemblee-1.jpg\" alt=\"servantes d'assembl\u00e9e \u00e0 l'\u00e9glise de Vannes Saint Pie X Notre-Dame de Lourdes\" class=\"wp-image-801\" srcset=\"https:\/\/paroisses-ndl-spx.fr\/wp-content\/uploads\/2024\/12\/eglise-saint-pie-x-paroisses-vannes-notre-dame-de-lourdes-ndl-spx-servantes-assemblee-1.jpg 800w, https:\/\/paroisses-ndl-spx.fr\/wp-content\/uploads\/2024\/12\/eglise-saint-pie-x-paroisses-vannes-notre-dame-de-lourdes-ndl-spx-servantes-assemblee-1-256x300.jpg 256w, https:\/\/paroisses-ndl-spx.fr\/wp-content\/uploads\/2024\/12\/eglise-saint-pie-x-paroisses-vannes-notre-dame-de-lourdes-ndl-spx-servantes-assemblee-1-768x901.jpg 768w\" sizes=\"auto, (max-width: 800px) 100vw, 800px\" \/><\/figure>\n<\/div>\n\n\n<div style=\"height:39px\" aria-hidden=\"true\" class=\"wp-block-spacer\"><\/div>\n\n\n\n<h2 class=\"wp-block-heading has-secondary-color has-text-color has-link-color wp-elements-5912d173b54e0b62f39f546d03927d8d\">Contact<\/h2>\n\n\n\n<p><strong>Marie de Larminat &#8211; <\/strong><a href=\"tel:0668231804\">06 68 23 18 04<\/a><\/p>\n","protected":false},"excerpt":{"rendered":"<p>\u00catre\u00a0servante d&rsquo;assembl\u00e9e, c&rsquo;est prendre part activement \u00e0 la liturgie de l&rsquo;\u00c9glise et au service de l&rsquo;assembl\u00e9e, avant et pendant les offices. Pour les filles \u00e0 partir de 7 ans. Contact Marie de Larminat &#8211; 06 68 23 18 04<\/p>\n","protected":false},"author":1,"featured_media":0,"parent":0,"menu_order":0,"comment_status":"closed","ping_status":"closed","template":"","meta":{"iawp_total_views":97,"footnotes":""},"class_list":["post-273","page","type-page","status-publish","hentry","entry"],"_links":{"self":[{"href":"https:\/\/paroisses-ndl-spx.fr\/index.php?rest_route=\/wp\/v2\/pages\/273","targetHints":{"allow":["GET"]}}],"collection":[{"href":"https:\/\/paroisses-ndl-spx.fr\/index.php?rest_route=\/wp\/v2\/pages"}],"about":[{"href":"https:\/\/paroisses-ndl-spx.fr\/index.php?rest_route=\/wp\/v2\/types\/page"}],"author":[{"embeddable":true,"href":"https:\/\/paroisses-ndl-spx.fr\/index.php?rest_route=\/wp\/v2\/users\/1"}],"replies":[{"embeddable":true,"href":"https:\/\/paroisses-ndl-spx.fr\/index.php?rest_route=%2Fwp%2Fv2%2Fcomments&post=273"}],"version-history":[{"count":7,"href":"https:\/\/paroisses-ndl-spx.fr\/index.php?rest_route=\/wp\/v2\/pages\/273\/revisions"}],"predecessor-version":[{"id":1062,"href":"https:\/\/paroisses-ndl-spx.fr\/index.php?rest_route=\/wp\/v2\/pages\/273\/revisions\/1062"}],"wp:attachment":[{"href":"https:\/\/paroisses-ndl-spx.fr\/index.php?rest_route=%2Fwp%2Fv2%2Fmedia&parent=273"}],"curies":[{"name":"wp","href":"https:\/\/api.w.org\/{rel}","templated":true}]}}